{"id":451,"date":"2020-01-13T11:17:52","date_gmt":"2020-01-13T11:17:52","guid":{"rendered":"https:\/\/demosites.io\/web-agency-gb\/?page_id=5"},"modified":"2022-04-10T10:51:38","modified_gmt":"2022-04-10T09:51:38","slug":"15c42-web-agency-gb-home","status":"publish","type":"page","link":"https:\/\/humansense-consulting.com\/","title":{"rendered":"Accueil"},"content":{"rendered":"\n<div class=\"wp-block-cover alignfull is-light\" style=\"min-height:700px;aspect-ratio:unset;\"><span aria-hidden=\"true\" class=\"has-background-dim-0 wp-block-cover__gradient-background has-background-dim\"><\/span><img data-recalc-dims=\"1\" decoding=\"async\" class=\"wp-block-cover__image-background wp-image-109\" alt=\"\" src=\"https:\/\/i0.wp.com\/humansense-consulting.com\/wp-content\/uploads\/2020\/07\/web-design-studio-01.jpg.jpg?w=1200\" style=\"object-position:50% 64%\" data-object-fit=\"cover\" data-object-position=\"50% 64%\"\/><div class=\"wp-block-cover__inner-container is-layout-flow wp-block-cover-is-layout-flow\">\n<div style=\"height:80px\" aria-hidden=\"true\" class=\"wp-block-spacer\"><\/div>\n\n\n\n<h1 class=\"has-text-align-center has-text-color wp-block-heading\" style=\"color:#121212\">COACHING &amp; CONSEIL RH<\/h1>\n\n\n\n<p class=\"has-text-align-center has-neve-text-color-color has-text-color\" style=\"font-size:28px\">L&rsquo;humain au coeur de l&rsquo;entreprise, le coaching porteur de sens <\/p>\n\n\n\n<div style=\"height:80px\" aria-hidden=\"true\" class=\"wp-block-spacer\"><\/div>\n\n\n\n<div style=\"height:80px\" aria-hidden=\"true\" class=\"wp-block-spacer\"><\/div>\n<\/div><\/div>\n\n\n\n<div style=\"height:80px\" aria-hidden=\"true\" class=\"wp-block-spacer\"><\/div>\n\n\n\n<div class=\"wp-block-columns is-layout-flex wp-container-core-columns-is-layout-9d6595d7 wp-block-columns-is-layout-flex\">\n<div class=\"wp-block-column is-layout-flow wp-block-column-is-layout-flow\">\n<div class=\"wp-block-image icon-style is-style-rounded\"><figure class=\"aligncenter size-large\"><img data-recalc-dims=\"1\" decoding=\"async\" data-attachment-id=\"20\" data-permalink=\"https:\/\/humansense-consulting.com\/1458096027_group\/\" data-orig-file=\"https:\/\/i0.wp.com\/humansense-consulting.com\/wp-content\/uploads\/2016\/03\/1458096027_group.png?fit=128%2C128&amp;ssl=1\" data-orig-size=\"128,128\" data-comments-opened=\"1\" data-image-meta=\"{&quot;aperture&quot;:&quot;0&quot;,&quot;credit&quot;:&quot;&quot;,&quot;camera&quot;:&quot;&quot;,&quot;caption&quot;:&quot;&quot;,&quot;created_timestamp&quot;:&quot;0&quot;,&quot;copyright&quot;:&quot;&quot;,&quot;focal_length&quot;:&quot;0&quot;,&quot;iso&quot;:&quot;0&quot;,&quot;shutter_speed&quot;:&quot;0&quot;,&quot;title&quot;:&quot;&quot;,&quot;orientation&quot;:&quot;0&quot;}\" data-image-title=\"1458096027_group\" data-image-description=\"\" data-image-caption=\"\" data-large-file=\"https:\/\/i0.wp.com\/humansense-consulting.com\/wp-content\/uploads\/2016\/03\/1458096027_group.png?fit=128%2C128&amp;ssl=1\" src=\"https:\/\/i0.wp.com\/humansense-consulting.com\/wp-content\/uploads\/2020\/01\/neve-webdesign-GB-03.png?w=1200\" alt=\"\" class=\"wp-image-20\" title=\"\"\/><\/figure><\/div>\n\n\n\n<h3 class=\"has-text-align-center has-neve-text-color-color has-text-color wp-block-heading\">AUDIT, R\u00c9FLEXION STRAT\u00c9GIQUE, GESTION DE PROJETS RH<\/h3>\n\n\n\n<p class=\"has-text-align-center\">Confiez-nous vos projets de d\u00e9veloppement RH<\/p>\n\n\n\n<div style=\"height:20px\" aria-hidden=\"true\" class=\"wp-block-spacer\"><\/div>\n<\/div>\n\n\n\n<div class=\"wp-block-column is-layout-flow wp-block-column-is-layout-flow\">\n<div class=\"wp-block-image icon-style is-style-rounded\"><figure class=\"aligncenter size-large\"><img data-recalc-dims=\"1\" decoding=\"async\" data-attachment-id=\"21\" data-permalink=\"https:\/\/humansense-consulting.com\/1458096362_1\/\" data-orig-file=\"https:\/\/i0.wp.com\/humansense-consulting.com\/wp-content\/uploads\/2016\/03\/1458096362_1.png?fit=128%2C128&amp;ssl=1\" data-orig-size=\"128,128\" data-comments-opened=\"1\" data-image-meta=\"{&quot;aperture&quot;:&quot;0&quot;,&quot;credit&quot;:&quot;&quot;,&quot;camera&quot;:&quot;&quot;,&quot;caption&quot;:&quot;&quot;,&quot;created_timestamp&quot;:&quot;0&quot;,&quot;copyright&quot;:&quot;&quot;,&quot;focal_length&quot;:&quot;0&quot;,&quot;iso&quot;:&quot;0&quot;,&quot;shutter_speed&quot;:&quot;0&quot;,&quot;title&quot;:&quot;&quot;,&quot;orientation&quot;:&quot;0&quot;}\" data-image-title=\"1458096362_1\" data-image-description=\"\" data-image-caption=\"\" data-large-file=\"https:\/\/i0.wp.com\/humansense-consulting.com\/wp-content\/uploads\/2016\/03\/1458096362_1.png?fit=128%2C128&amp;ssl=1\" src=\"https:\/\/i0.wp.com\/humansense-consulting.com\/wp-content\/uploads\/2020\/01\/neve-webdesign-GB-04.png?w=1200\" alt=\"\" class=\"wp-image-21\"\/><\/figure><\/div>\n\n\n\n<h3 class=\"has-text-align-center has-neve-text-color-color has-text-color wp-block-heading\">PERFORMANCE &amp; BIEN-ETRE DE VOS COLLABORATEURS<\/h3>\n\n\n\n<p>D\u00e9veloppez la performance collective<br>et la qualit\u00e9 de vie au travail en profondeur<\/p>\n\n\n\n<div style=\"height:20px\" aria-hidden=\"true\" class=\"wp-block-spacer\"><\/div>\n<\/div>\n\n\n\n<div class=\"wp-block-column is-layout-flow wp-block-column-is-layout-flow\">\n<div class=\"wp-block-image icon-style is-style-rounded\"><figure class=\"aligncenter size-large\"><img data-recalc-dims=\"1\" decoding=\"async\" src=\"https:\/\/i0.wp.com\/humansense-consulting.com\/wp-content\/uploads\/2020\/01\/neve-webdesign-GB-01.png?w=1200\" alt=\"\" class=\"wp-image-18\"\/><\/figure><\/div>\n\n\n\n<h3 class=\"has-text-align-center has-neve-text-color-color has-text-color wp-block-heading\">COMPETENCES MANAG\u00c9RIALES\/LEADERSHIP<\/h3>\n\n\n\n<p class=\"has-text-align-center\">Acc\u00e9l\u00e9rez le d\u00e9veloppement des comp\u00e9tences de vos \u00e9quipes de Direction<\/p>\n\n\n\n<div style=\"height:20px\" aria-hidden=\"true\" class=\"wp-block-spacer\"><\/div>\n<\/div>\n<\/div>\n\n\n\n<div style=\"height:80px\" aria-hidden=\"true\" class=\"wp-block-spacer\"><\/div>\n\n\n\n<div class=\"wp-block-cover alignfull\" style=\"min-height:600px;aspect-ratio:unset;\"><span aria-hidden=\"true\" class=\"has-nv-light-bg-background-color has-background-dim-100 wp-block-cover__gradient-background has-background-dim\"><\/span><div class=\"wp-block-cover__inner-container is-layout-flow wp-block-cover-is-layout-flow\">\n<div class=\"wp-block-group\"><div class=\"wp-block-group__inner-container is-layout-flow wp-block-group-is-layout-flow\">\n<div style=\"height:80px\" aria-hidden=\"true\" class=\"wp-block-spacer\"><\/div>\n\n\n\n<div class=\"wp-block-columns are-vertically-aligned-center is-layout-flex wp-container-core-columns-is-layout-9d6595d7 wp-block-columns-is-layout-flex\">\n<div class=\"wp-block-column is-vertically-aligned-center is-layout-flow wp-block-column-is-layout-flow\" style=\"flex-basis:50%\">\n<figure class=\"wp-block-image size-large\"><img data-recalc-dims=\"1\" decoding=\"async\" src=\"https:\/\/i0.wp.com\/humansense-consulting.com\/wp-content\/uploads\/2020\/01\/neve-web-design-bg-10.jpg?w=1200\" alt=\"\" class=\"wp-image-37\"\/><\/figure>\n<\/div>\n\n\n\n<div class=\"wp-block-column is-vertically-aligned-center is-layout-flow wp-block-column-is-layout-flow\" style=\"flex-basis:50%\">\n<div style=\"height:20px\" aria-hidden=\"true\" class=\"wp-block-spacer\"><\/div>\n\n\n\n<h2 class=\"has-text-align-left has-neve-text-color-color has-text-color wp-block-heading\">En quelques mots&#8230;.<\/h2>\n\n\n\n<p class=\"has-nv-dark-bg-color has-text-color\">\u201c Passionn\u00e9e par le d\u00e9veloppement HUMAIN des organisations, j\u2019accompagne les Dirigeants et leurs \u00e9quipes dans leurs enjeux de transformation&#8230;<\/p>\n\n\n\n<p class=\"has-nv-dark-bg-color has-text-color\">Je suis convaincue que le coaching est un outil puissant pour g\u00e9n\u00e9rer des changements profonds et durables, acc\u00e9l\u00e9rer l\u2019\u00e9volution<br>d\u2019une organisation en permettant l\u2019\u00e9panouissement de chaque individu: permettre \u00e0 chacun de donner du SENS \u00e0 ses actions!<\/p>\n\n\n\n<p class=\"has-nv-dark-bg-color has-text-color\">Je m\u2019appuie sur une exp\u00e9rience dans le Management RH et la Gestion<br>des carri\u00e8res au sein de groupes internationaux, dans des secteurs vari\u00e9s (Distribution &amp; Luxe, Jeux vid\u00e9o, Communication Digitale\/M\u00e9dias, Imprimerie, Industrie, Energie, Immobilier) ; une exp\u00e9rience de l\u2019expatriation et<br>des enjeux multiculturels et une exp\u00e9rience de m\u00e8re de famille soucieuse d\u2019un bon \u00e9quilibre parentalit\u00e9 \/ carri\u00e8re.\u2019\u2019<\/p>\n\n\n\n<div class=\"wp-block-buttons is-horizontal is-content-justification-left is-layout-flex wp-container-core-buttons-is-layout-7e5fce0a wp-block-buttons-is-layout-flex\">\n<div class=\"wp-block-button is-style-secondary\"><a class=\"wp-block-button__link\" href=\"https:\/\/humansense-consulting.com\/web-agency-gb-portfolio-single\/\">NOUS CONTACTER<\/a><\/div>\n<\/div>\n<\/div>\n<\/div>\n\n\n\n<div style=\"height:40px\" aria-hidden=\"true\" class=\"wp-block-spacer\"><\/div>\n<\/div><\/div>\n<\/div><\/div>\n\n\n\n<div class=\"wp-block-cover alignfull\" style=\"min-height:600px;aspect-ratio:unset;\"><span aria-hidden=\"true\" class=\"has-nv-site-bg-background-color has-background-dim-100 wp-block-cover__gradient-background has-background-dim\"><\/span><div class=\"wp-block-cover__inner-container is-layout-flow wp-block-cover-is-layout-flow\">\n<div class=\"wp-block-group\"><div class=\"wp-block-group__inner-container is-layout-flow wp-block-group-is-layout-flow\">\n<div style=\"height:80px\" aria-hidden=\"true\" class=\"wp-block-spacer\"><\/div>\n\n\n\n<div class=\"wp-block-columns are-vertically-aligned-center is-layout-flex wp-container-core-columns-is-layout-9d6595d7 wp-block-columns-is-layout-flex\">\n<div class=\"wp-block-column is-vertically-aligned-center is-layout-flow wp-block-column-is-layout-flow\" style=\"flex-basis:50%\">\n<h2 class=\"has-text-align-left has-neve-text-color-color has-text-color wp-block-heading\">Notre offre performance manag\u00e9riale<\/h2>\n\n\n\n<ul id=\"block-ed51b3b3-e3da-4287-aa16-80ba6b78f7b3\" class=\"has-neve-text-color-color has-text-color wp-block-list\"><li>D\u00e9finir votre strat\u00e9gie de d\u00e9veloppement des comp\u00e9tences manag\u00e9riales<\/li><li>Mettre en place une approche globale en mode \u201cEntreprise Apprenante\u201d<\/li><li>Combiner formation et coaching pour atteindre des objectifs cibl\u00e9s et d\u00e9velopper l\u2019intelligence collective:<br>&#8211; Coaching situationnel, th\u00e9matique<br>&#8211; Mentoring , Reverse Mentoring<br>&#8211; Co-d\u00e9veloppement \/ ateliers collectifs<\/li><\/ul>\n\n\n\n<p class=\"has-nv-dark-bg-color has-text-color\">D\u00e9velopper vos managers<br>et ancrer les apprentissages durablement<\/p>\n\n\n\n<p class=\"has-nv-dark-bg-color has-text-color\">R\u00e9inventez vos dispositifs de formation, explorez d\u2019autres possibilit\u00e9s. De nos jours, le contenu (formation) est disponible, mettez l\u2019accent sur son appropriation.<\/p>\n\n\n\n<ul class=\"wp-block-list\"><li><\/li><\/ul>\n\n\n\n<div class=\"wp-block-buttons is-horizontal is-content-justification-left is-layout-flex wp-container-core-buttons-is-layout-7e5fce0a wp-block-buttons-is-layout-flex\">\n<div class=\"wp-block-button is-style-secondary\"><a class=\"wp-block-button__link\" href=\"https:\/\/humansense-consulting.com\/web-agency-gb-portfolio-single\/\" target=\"_blank\" rel=\"noreferrer noopener\">NOUS CONTACTER<\/a><\/div>\n<\/div>\n\n\n\n<div style=\"height:40px\" aria-hidden=\"true\" class=\"wp-block-spacer\"><\/div>\n<\/div>\n\n\n\n<div class=\"wp-block-column is-vertically-aligned-center is-layout-flow wp-block-column-is-layout-flow\" style=\"flex-basis:50%\">\n<figure class=\"wp-block-image size-large\"><img data-recalc-dims=\"1\" loading=\"lazy\" decoding=\"async\" width=\"600\" height=\"600\" data-attachment-id=\"40\" data-permalink=\"https:\/\/humansense-consulting.com\/index.php\/15c42-web-agency-gb-home\/web-design-bg-13\/\" data-orig-file=\"https:\/\/i0.wp.com\/humansense-consulting.com\/wp-content\/uploads\/2020\/01\/neve-web-design-bg-13.jpg?fit=600%2C600&amp;ssl=1\" data-orig-size=\"600,600\" data-comments-opened=\"1\" data-image-meta=\"{&quot;aperture&quot;:&quot;0&quot;,&quot;credit&quot;:&quot;&quot;,&quot;camera&quot;:&quot;&quot;,&quot;caption&quot;:&quot;&quot;,&quot;created_timestamp&quot;:&quot;0&quot;,&quot;copyright&quot;:&quot;&quot;,&quot;focal_length&quot;:&quot;0&quot;,&quot;iso&quot;:&quot;0&quot;,&quot;shutter_speed&quot;:&quot;0&quot;,&quot;title&quot;:&quot;&quot;,&quot;orientation&quot;:&quot;0&quot;}\" data-image-title=\"web-design-bg-13\" data-image-description=\"\" data-image-caption=\"\" data-large-file=\"https:\/\/i0.wp.com\/humansense-consulting.com\/wp-content\/uploads\/2020\/01\/neve-web-design-bg-13.jpg?fit=600%2C600&amp;ssl=1\" src=\"https:\/\/i0.wp.com\/humansense-consulting.com\/wp-content\/uploads\/2020\/01\/neve-web-design-bg-13.jpg?resize=600%2C600\" alt=\"\" class=\"wp-image-40\"\/><\/figure>\n<\/div>\n<\/div>\n\n\n\n<div style=\"height:40px\" aria-hidden=\"true\" class=\"wp-block-spacer\"><\/div>\n<\/div><\/div>\n<\/div><\/div>\n\n\n\n<div class=\"wp-block-cover alignfull\" style=\"min-height:600px;aspect-ratio:unset;\"><span aria-hidden=\"true\" class=\"has-nv-dark-bg-background-color has-background-dim-100 wp-block-cover__gradient-background has-background-dim\"><\/span><div class=\"wp-block-cover__inner-container is-layout-flow wp-block-cover-is-layout-flow\">\n<div class=\"wp-block-group\"><div class=\"wp-block-group__inner-container is-layout-flow wp-block-group-is-layout-flow\">\n<div style=\"height:80px\" aria-hidden=\"true\" class=\"wp-block-spacer\"><\/div>\n\n\n\n<div class=\"wp-block-columns are-vertically-aligned-center is-layout-flex wp-container-core-columns-is-layout-9d6595d7 wp-block-columns-is-layout-flex\">\n<div class=\"wp-block-column is-vertically-aligned-center is-layout-flow wp-block-column-is-layout-flow\" style=\"flex-basis:50%\">\n<figure class=\"wp-block-image size-large\"><img data-recalc-dims=\"1\" decoding=\"async\" data-attachment-id=\"35\" data-permalink=\"https:\/\/humansense-consulting.com\/isabelle-5\/\" data-orig-file=\"https:\/\/i0.wp.com\/humansense-consulting.com\/wp-content\/uploads\/2016\/04\/isabelle-5.jpg?fit=232%2C319&amp;ssl=1\" data-orig-size=\"232,319\" data-comments-opened=\"1\" data-image-meta=\"{&quot;aperture&quot;:&quot;0&quot;,&quot;credit&quot;:&quot;&quot;,&quot;camera&quot;:&quot;&quot;,&quot;caption&quot;:&quot;&quot;,&quot;created_timestamp&quot;:&quot;0&quot;,&quot;copyright&quot;:&quot;&quot;,&quot;focal_length&quot;:&quot;0&quot;,&quot;iso&quot;:&quot;0&quot;,&quot;shutter_speed&quot;:&quot;0&quot;,&quot;title&quot;:&quot;&quot;,&quot;orientation&quot;:&quot;1&quot;}\" data-image-title=\"isabelle 5\" data-image-description=\"\" data-image-caption=\"\" data-large-file=\"https:\/\/i0.wp.com\/humansense-consulting.com\/wp-content\/uploads\/2016\/04\/isabelle-5.jpg?fit=232%2C319&amp;ssl=1\" src=\"https:\/\/i0.wp.com\/humansense-consulting.com\/wp-content\/uploads\/2020\/01\/neve-web-design-bg-08.jpg?w=1200\" alt=\"\" class=\"wp-image-35\"\/><\/figure>\n<\/div>\n\n\n\n<div class=\"wp-block-column is-vertically-aligned-center is-layout-flow wp-block-column-is-layout-flow\" style=\"flex-basis:50%\">\n<div style=\"height:40px\" aria-hidden=\"true\" class=\"wp-block-spacer\"><\/div>\n\n\n\n<h2 class=\"has-text-align-left has-nv-text-dark-bg-color has-text-color wp-block-heading\">Notre offre performance &amp; \u00e9quilibre<\/h2>\n\n\n\n<p>Viser la performance globale en prenant soin<br>du bien-\u00eatre de vos collaborateurs et en tenant compte de leur individualit\u00e9<\/p>\n\n\n\n<p>Mix coaching \/ Formation :<\/p>\n\n\n\n<ul class=\"wp-block-list\"><li>Audit \u201c Bien-\u00eatre au travail \u201d<\/li><li>Identifier les axes de progression et d\u00e9finir un plan d\u2019action<\/li><li>Ateliers th\u00e9matiques &#8211; Ex: G\u00e9rer son \u00e9nergie pour \u00eatre performant sans s\u2019\u00e9puiser, g\u00e9rer son stress, l\u00e2cher prise&#8230;<\/li><li>Coaching individuel<\/li><li>Co-d\u00e9veloppement\/ateliers collectifs<\/li><\/ul>\n\n\n\n<div class=\"wp-block-buttons is-horizontal is-content-justification-left is-layout-flex wp-container-core-buttons-is-layout-7e5fce0a wp-block-buttons-is-layout-flex\"><\/div>\n<\/div>\n<\/div>\n\n\n\n<div style=\"height:50px\" aria-hidden=\"true\" class=\"wp-block-spacer\"><\/div>\n<\/div><\/div>\n<\/div><\/div>\n\n\n\n\n","protected":false},"excerpt":{"rendered":"<p>AUDIT, R\u00c9FLEXION STRAT\u00c9GIQUE, GESTION DE PROJETS RH Confiez-nous vos projets de d\u00e9veloppement RH PERFORMANCE &amp; BIEN-ETRE DE VOS COLLABORATEURS D\u00e9veloppez la performance collectiveet la qualit\u00e9 de vie au travail en profondeur COMPETENCES MANAG\u00c9RIALES\/LEADERSHIP Acc\u00e9l\u00e9rez le d\u00e9veloppement des comp\u00e9tences de vos \u00e9quipes de Direction<\/p>\n","protected":false},"author":1,"featured_media":0,"parent":0,"menu_order":0,"comment_status":"closed","ping_status":"closed","template":"","meta":{"neve_meta_sidebar":"default","neve_meta_container":"default","neve_meta_enable_content_width":"on","neve_meta_content_width":100,"neve_meta_title_alignment":"","neve_meta_author_avatar":"","neve_post_elements_order":"","neve_meta_disable_header":"","neve_meta_disable_footer":"","neve_meta_disable_title":"on","_ti_tpc_template_sync":false,"_ti_tpc_template_id":"cwhkd9lki581rusuhjti","jetpack_post_was_ever_published":false,"footnotes":""},"class_list":["post-451","page","type-page","status-publish","hentry"],"aioseo_notices":[],"jetpack_sharing_enabled":true,"jetpack_shortlink":"https:\/\/wp.me\/P7xG0f-7h","jetpack-related-posts":[],"amp_enabled":false,"_links":{"self":[{"href":"https:\/\/humansense-consulting.com\/index.php\/wp-json\/wp\/v2\/pages\/451","targetHints":{"allow":["GET"]}}],"collection":[{"href":"https:\/\/humansense-consulting.com\/index.php\/wp-json\/wp\/v2\/pages"}],"about":[{"href":"https:\/\/humansense-consulting.com\/index.php\/wp-json\/wp\/v2\/types\/page"}],"author":[{"embeddable":true,"href":"https:\/\/humansense-consulting.com\/index.php\/wp-json\/wp\/v2\/users\/1"}],"replies":[{"embeddable":true,"href":"https:\/\/humansense-consulting.com\/index.php\/wp-json\/wp\/v2\/comments?post=451"}],"version-history":[{"count":16,"href":"https:\/\/humansense-consulting.com\/index.php\/wp-json\/wp\/v2\/pages\/451\/revisions"}],"predecessor-version":[{"id":501,"href":"https:\/\/humansense-consulting.com\/index.php\/wp-json\/wp\/v2\/pages\/451\/revisions\/501"}],"wp:attachment":[{"href":"https:\/\/humansense-consulting.com\/index.php\/wp-json\/wp\/v2\/media?parent=451"}],"curies":[{"name":"wp","href":"https:\/\/api.w.org\/{rel}","templated":true}]}}